q + 0. Let s be d(-2). Let n(f) = 6*f**2 - 2 + 7*f - f**3 + 3*f - 1 - 15*f. What is n(s)?
-3
Suppose 4 = v + v. Let m(f) = 0 + 2 + 0*f**2 + f**2 - 3*f. What is m(v)?
0
Suppose -p - 8 = p. Let z(t) = -t**2 - 4*t - 5. Let o be z(p). Let r(g) = g**3 + 5*g**2 - g - 4. Give r(o).
1
Let c(p) be the first derivative of p**4/4 + 2*p**3 + 5*p**2/2 + 4*p + 3. Calculate c(-5).
4
Let z be 4 - 0 - 4/2. Let m(p) = -p - 2 + p**3 + 2*p - 4*p**z + 3*p. Let c be (-44)/(-12) + 2/(-3). Determine m(c).
1
Let n(v) = 9*v**2 - 7*v + 7. Let d(h) = -h**2 + h - 1. Let j(g) = -6*d(g) - n(g). Determine j(1).
-3
Let k(i) be the third derivative of -1/15*i**5 - 1/12*i**4 - i**2 + 1/120*i**6 + 0*i + 0 + 2/3*i**3. Let z be k(4). Let d(g) = 3*g + 5. What is d(z)?
-7
Let q(t) = -6 + 2*t + 6 + 4 + 5. Let n = 1 + -7. What is q(n)?
-3
Let o be ((-1)/(-3))/(3/45). Suppose 0 = o*y - 5 - 5. Let u(p) = 5*p - 3. Calculate u(y).
7
Let i = -56 + 7. Let v be (-32)/(-14) - (-14)/i. Let q(l) = l. What is q(v)?
2
Let u(w) = 4*w + 24. Let y(h) = h + 5. Suppose -3*l = l - 4. Let a be -1 + -1 - -6 - l. Let z(c) = a*u(c) - 14*y(c). Determine z(-3).
8
Let r(t) = t**2 + t - 3. Let g be r(0). Let j(n) = -n**2 - n + 1. Let w(a) = a - 1. Let q(f) = j(f) + w(f). Calculate q(g).
-9
Let i(z) = -2*z**2 + 2*z - 1. Let n(f) = -f**2 - 1. Let g(l) = -i(l) + 4*n(l). Let o(b) = b**3 + b**2 + 2. Let a be o(-2). Calculate g(a).
-7
Let h(p) = -p**3 - p**2 + 4. Suppose -4*l = l. Let g be -3*(-1)/(0 - 1). Let b be 1 - (l - g/3). What is h(b)?
4
Let o(r) be the second derivative of r**6/360 + r**4/8 - r**3/3 + 7*r. Let i(j) be the second derivative of o(j). Calculate i(0).
3
Let x = 5 + -5. Suppose 0*j + 4*v - 14 = -5*j, -3*j - 5*v + 11 = x. Let c(f) = -3 + f**j - f**3 + f + 5 - 2*f + 0*f**3. What is c(2)?
-4
Let a(s) be the second derivative of -17*s**3/6 + 5*s + 1. Give a(1).
-17
Suppose 3*a + 4*v + 0*v + 5 = 0, -2*a - 3*v = 5. Suppose -5*l = -5*q + 33 + 7, a*q = -5*l - 20. Let y(m) = m**2 + 6*m - 4. Calculate y(l).
-4
Let a be (12/15)/((-1)/5). Let g(q) = 3*q**2 - 3*q + 1. Let t(d) = -2*d**2 + 3*d - 1. Let j(n) = -3*g(n) - 4*t(n). Determine j(a).
-3
Let c(s) = s**3 - 6*s**2 - 5*s - 7. Suppose -10*d + 26 = -44. What is c(d)?
7
Suppose -g = -5*g + 20. Let x be ((-6)/g)/(15/(-50)). Let b(a) = 4 - x*a + a**2 + 3 - 6. What is b(4)?
1
Let g(k) be the first derivative of k**3/3 + 3*k**2/2 - 4*k + 20. Calculate g(-6).
14
Let t(k) = k + 3. Let h be t(0). Suppose 0 = h*g + 13 - 1. Let f(b) = 2*b**2 - b - 5. Let y(d) = -5*d**2 + d + 11. Let l(z) = -7*f(z) - 3*y(z). Calculate l(g).
2
Let l(w) be the first derivative of -w**3 + 2 + 0*w - 1/4*w**4 + 3/2*w**2. Calculate l(-3).
-9
Let h(j) = j**2 - j - 1. Let n(t) = -t**3 - 6*t**2 + t + 8. Let y be n(-6). Let l(p) = -5*p - 2 - 5 + 4*p + p**2 + 2*p**2. Let s(a) = y*h(a) - l(a). Give s(-4).
-7
Let o(i) be the third derivative of -i**5/30 + i**4/12 - i**3/6 - 4*i**2. Let z be o(1). Let h be (-3 - (2 - z))*1. Let v(f) = f + 2. Calculate v(h).
-4
Let o = 7 - 5. Suppose -5*v - 12 = -u, o*v = 4*v - u + 6. Let d be v - -5 - (-8)/(-1). Let j(b) = 2*b + 3. Calculate j(d).
-7
Let s(b) = -b + 5. Let j be -4 - (1 - 1 - -1). Let a be -1 - ((-1 - -1) + j). Determine s(a).
1
Suppose z - 3*a = -1, 0 = 3*z - a - 5. Let j(g) be the third derivative of 1/3*g**3 + 0*g + 0 - 1/24*g**4 + g**2. Determine j(z).
0
Let i be ((-4)/(-10))/((-90)/(-75)). Let m(k) be the first derivative of 1 - 1/2*k**2 - i*k**3 - k. Determine m(-2).
-3
Let l(q) = -3*q**2 - q - 1. Let g be -1*9*10/(-15). Suppose 2*c - 4 = g*c. Determine l(c).
-3
Let d(v) = 1. Let p(r) = -r - 11. Let k(j) = 5*j + 44. Let n(s) = 2*k(s) + 9*p(s). Let q(m) = -22*d(m) - 2*n(m). What is q(4)?
-8
Suppose -5*y + 6 = -4. Suppose -20 = -y*g - 3*g, 2*v = -3*g. Let u(z) = z**2 + 7*z + 7. Calculate u(v).
1
Let i = -5 + 2. Let v be 2/2 - (0 + i). Let m(o) = -7*o + 3. Let n(b) = -6*b + 3. Let w(f) = 5*m(f) - 6*n(f). Calculate w(v).
1
Suppose u = 5 - 3. Suppose u*t = -2*t + 24. Let z(c) = -c**3 + 5*c**2 + 8*c - 6. What is z(t)?
6
Let i(z) be the third derivative of z**6/30 + z**4/12 + z**3/6 - z**2. Let b be (-2)/(6*2/6). Calculate i(b).
-5
Let k be 14/49 + (-12)/(-7). Let s(d) = -3 - 5*d + 4*d**2 - 4*d**k + d**2. Give s(5).
-3
Let b(f) = f**2 + 4*f - 2. Let i be b(-4). Let r(l) = 2*l**2 + 3*l + 1. What is r(i)?
3
Suppose 6 = -y + 2*y. Let g(j) = -2 + 7 - 1 + 0*j - j. What is g(y)?
-2
Suppose 16 = 4*l - 0. Let j(c) = c**3 - 5*c**2 + 3*c + 3. Give j(l).
-1
Let q(p) be the second derivative of p**4/12 - p**3 + 10*p. Give q(6).
0
Let n(v) = -3*v**2 + 0 - 2 + 4. Suppose -3*w + 3 = 9. What is n(w)?
-10
Let b(f) = f**3 + 9*f**2 + 9*f + 5. Let s be b(-8). Let h(l) = l**3 + 3*l**2 - 4*l - 4. What is h(s)?
8
Suppose f + 5*g = -13, 0*f + 7 = f - 5*g. Let y(v) = v + 9. Let o(n) = 1. Let h(m) = 24*o(m) - 3*y(m). Determine h(f).
6
Let v(i) = 2*i - i**2 + i**3 - 14*i**2 + 12*i**2 - 1 + i. Calculate v(2).
1
Let r = 3 + -1. Let f(l) = l**r + 1 - 5*l**2 + 2*l**2 + 3*l**2. Suppose -3*i = -4 - 2. Give f(i).
5
Let u(a) = -4*a. Suppose -2*r - 3 = 2*m + 3, -5*r + 1 = m. Calculate u(r).
-4
Let f(o) = o - 2. Let m = 176 - 176. Determine f(m).
-2
Let k(m) = m**3 + m**2 - 5*m - 4. Let g(z) = z**3 + 6*z**2 - 4. Let r be g(-6). Let s = 1 + r. Give k(s).
-7
Let m(l) be the first derivative of -l**3/3 - 5*l**2/2 + 9*l - 8. Calculate m(-8).
-15
Let t(p) = p**2 - 3*p + 6. Suppose 34 - 94 = -10*l. Determine t(l).
24
Let v(t) = 3*t. Let a(d) = -2*d - 15 + 5 + d. Let y be a(-10). Let j = 1 + y. Calculate v(j).
3
Let c(l) be the first derivative of -l**4/4 + l**3/3 + 2*l**2 + 3. What is c(3)?
-6
Let n(w) be the second derivative of w**3/6 + 6*w. Let q(c) = -6*c. Let j(b) = -4*n(b) + 2*q(b). What is j(-1)?
16
Let f(l) = -11*l**2 - 29*l - 10. Let q(w) = -7*w**2 - 19*w - 7. Let i(p) = 5*f(p) - 8*q(p). Let n(m) = m**3 - 3*m - 2. Let o be n(-2). Calculate i(o).
-6
Let q(o) = 0*o - o - 4*o + 4 + 3*o. Give q(6).
-8
Let z(y) = 2*y - 1. Let c be z(1). Let w(p) = 8*p - 2. Let x be w(c). Let l(t) = t**2 - 6*t. Calculate l(x).
0
Suppose -20*n - 30 = -15*n. Let c(j) = -j**3 - 7*j**2 - 6*j - 7. Calculate c(n).
-7
Let h(t) be the third derivative of 1/2*t**3 + 0 - 1/6*t**4 + 2*t**2 - 1/120*t**6 - 1/10*t**5 + 0*t. Give h(-5).
-2
Let a(g) = 5*g + 1. Let m(d) = -11*d - 1. Let l(k) = k**2 - k - 4. Let q be l(0). Let w(s) = q*m(s) - 9*a(s). Calculate w(-3).
-2
Let i(c) = c**2 - 7*c + 10. Let f be i(12). Let g be f/(-12) + 7/(-42). Let h(l) = -l**3 - 7*l**2 - 8*l - 9. Calculate h(g).
3
Suppose -9 = -3*y + 6. Suppose 25 = 4*m + y. Let g(o) be the third derivative of o**6/120 - o**5/15 - o**4/6 - o**3/3 + 4*o**2. Give g(m).
3
Suppose -l - 3*l = -3*p - 15, 5*p = 2*l - 39. Let h(t) = -t - 8. Calculate h(p).
1
Let o(v) = v**3 - 7*v**2 + 2*v - 7. Let h(q) = 2*q**2 + 3*q - 2. Let i be h(-3). Calculate o(i).
7
Let h(r) = 4*r**2 - 4*r + 4. Let z(t) = -5*t**2 + 4*t - 5. Let i(l) = -4*h(l) - 3*z(l). Give i(3).
2
Let q(o) = -o - 3. Suppose -2*m + 23 = 5*w, 5*m + 4*w + 20 - 86 = 0. Suppose l = -2*l + 30. Let p = l - m. Calculate q(p).
1
Suppose q = -4*f + 12, -3*f - 2 = 3*q - 5*q. Let c(i) = 5*i + 3. Let l be 12/(6/(-3)) + -1. Let m(k) = 3*k + 1. Let y(u) = l*m(u) + 4*c(u). Give y(q).
1
Let b = 3 + -6. Let s(t) be the second derivative of -t**3/6 - t**2/2 + 2*t. Give s(b).
2
Let h = 1 - 6. Let k(p) be the first derivative of -p**2/2 + 6*p - 1. Let g(x) = 5. Let t(v) = h*g(v) + 4*k(v). Determine t(1).
-5
Let l(j) be the second derivative of j**3 - 3*j**2 + j. Let y(a) = -a**2 - 25*a + 25. Let z(q) = 9*l(q) + 2*y(q). Calculate z(3).
-10
Let s(l) = -l**3 - 3*l**2 + 1. Let v = -8 - -11. Suppose -v*r + r = -3*y - 2, 4*r - 6 = 5*y. Suppose -k - 3*k = -r*i - 24, -5*i + 4*k - 25 = 0. Determine s(i).
-1
Let c(d) = -2*d**2 - 2*d + 1. Suppose -5*g = 3*v + 19, -2 = -2*g + 3*v + 3. Let o be 1 + g - -2*1. Give c(o).
-3
Let z(n) = n - 3. Let o be (0*1/3)/(-2). Give z(o).
-3
Let r(h) be the first derivative of -h**3/3 + 3*h**2/2 - 3*h - 2. Let k be (-418)/(-190) - (-2)/(-10). Determine r(k).
-1
Let z(u) = u + 2. Let m be z(0). Let o(x) = -5*x**2 + 0 + 6*x**m + 1 - 7*x. Let s = 15 - 9. Calculate o(s).
-5
Let j(s) = -s + 3. Let n(x) = -10*x**2 - 28*x - 9. Let t(y) = 7*y**2 + 19*y + 6. Let q(a) = -5*n(a) - 7*t(a). Let b be q(-7). Suppose b*